e
Is 3047764249 a composite number?
False
Is 554781263 prime?
False
Is 2374995173 a prime number?
False
Is 3357186101 prime?
True
Is 13952027057 a prime number?
False
Is 3626605769 prime?
False
Is 367264043 composite?
True
Is 17270653661 a prime number?
True
Is 3141876091 prime?
False
Is 198902657 composite?
False
Is 367158767153 prime?
True
Is 1363560533 a composite number?
True
Is 263701429 prime?
True
Is 61937686091 prime?
False
Is 2815034881 prime?
True
Is 4539283057 prime?
True
Is 4996813699 a prime number?
False
Is 155420622419 a prime number?
True
Is 86482307 a prime number?
False
Is 878530819 composite?
False
Is 11007539129 prime?
False
Is 338653563411 a prime number?
False
Is 1574412869 prime?
True
Is 21327240589 composite?
True
Is 3256156039 a prime number?
False
Is 3704285947 prime?
True
Is 16409767637 composite?
True
Is 4808893262 a prime number?
False
Is 14736992533 prime?
True
Is 8938236677 composite?
True
Is 8091119 a prime number?
True
Is 2566553813 a composite number?
True
Is 18759244811 composite?
True
Is 71243423309 composite?
False
Is 10858773361 composite?
True
Is 5014679767 prime?
True
Is 1343100449 composite?
True
Is 17065909853 composite?
True
Is 35742370493 a composite number?
True
Is 2603129631 a prime number?
False
Is 113822271929 a composite number?
True
Is 606367627 prime?
False
Is 310780433 a prime number?
False
Is 1040067269 composite?
False
Is 1276386073 a prime number?
True
Is 16172817733 a composite number?
True
Is 14049731615 a prime number?
False
Is 4238555861 a composite number?
True
Is 496359547 composite?
False
Is 11086663997 a composite number?
False
Is 2240283077 prime?
True
Is 1047017183 a prime number?
True
Is 386775989 prime?
False
Is 248634691 a composite number?
True
Is 135185691 a prime number?
False
Is 3859763051 prime?
True
Is 208072087 prime?
False
Is 1731352417 a prime number?
True
Is 2023954885 a composite number?
True
Is 453121169 composite?
True
Is 1510806041 a prime number?
False
Is 10042808201 a composite number?
False
Is 4347606715 composite?
True
Is 7879525537 prime?
False
Is 55726303 prime?
False
Is 6064309645 a prime number?
False
Is 800169599 a prime number?
True
Is 2639879223 composite?
True
Is 2483096519 a composite number?
True
Is 5277604841 a prime number?
True
Is 110819248471 composite?
False
Is 29072803 a prime number?
False
Is 48725730379 composite?
False
Is 177434393039 prime?
True
Is 35976486709 a composite number?
False
Is 7353686011 a composite number?
True
Is 52739422 composite?
True
Is 2464066877 a prime number?
True
Is 363930491 a prime number?
False
Is 10983216109 a composite number?
True
Is 5086760611 a composite number?
False
Is 289619587 prime?
True
Is 143480749 prime?
True
Is 368441693 prime?
True
Is 9811244059 a prime number?
True
Is 46705009237 prime?
False
Is 3320700637 a prime number?
False
Is 40297418162 a prime number?
False
Is 4184250501 a composite number?
True
Is 735439273 composite?
False
Is 790472159 a prime number?
False
Is 1582033363 a prime number?
False
Is 24505627 a prime number?
True
Is 3594743701 a composite number?
True
Is 692031619 a prime number?
False
Is 5860064909 composite?
False
Is 620118593 composite?
True
Is 46434998297 a prime number?
False
Is 184880977 prime?
True
Is 111608957 a prime number?
True
Is 462299597 a prime number?
True
Is 9854900453 prime?
False
Is 3044636489 prime?
True
Is 463041223 a prime number?
False
Is 1678377829 prime?
False
Is 25588259717 prime?
False
Is 301461302 a composite number?
True
Is 27298454637 composite?
True
Is 5196173245 composite?
True
Is 11691967823 composite?
False
Is 896508061 a composite number?
False
Is 8080965161 prime?
True
Is 140890151 composite?
False
Is 1093512691 prime?
True
Is 9322317089 a prime number?
True
Is 18531610829 prime?
False
Is 27211227443 a prime number?
False
Is 1481266243 prime?
True
Is 91173763 composite?
False
Is 8442908261 prime?
True
Is 15695813863 a prime number?
False
Is 8826415307 a prime number?
False
Is 12271089613 prime?
False
Is 1518876607 a prime number?
True
Is 22070982083 a prime number?
False
Is 134293547 prime?
True
Is 1745956163 composite?
True
Is 27627693329 composite?
False
Is 35983008899 a prime number?
False
Is 6943964834 composite?
True
Is 1252068523 prime?
True
Is 45200162815 composite?
True
Is 4608283943 a prime number?
True
Is 98790803 composite?
True
Is 2792032597 a prime number?
True
Is 4076148073 composite?
False
Is 452348263 a prime number?
True
Is 1057801673 prime?
False
Is 181697287 composite?
False
Is 787227433 a composite number?
False
Is 555401537 a composite number?
True
Is 115180537 a prime number?
True
Is 20405951 a prime number?
False
Is 6408937061 a composite number?
True
Is 1917920831 a prime number?
True
Is 51685619 composite?
False
Is 8153579713 a composite number?
False
Is 335943523 a prime number?
False
Is 180775343 a prime number?
False
Is 236213041 composite?
True
Is 58251173 a prime number?
True
Is 1672398203 a composite number?
True
Is 19673361371 composite?
True
Is 28158539 composite?
False
Is 10795058471 composite?
True
Is 69813918929 composite?
True
Is 142883418221 prime?
False
Is 377091943 composite?
True
Is 2929966321 a prime number?
True
Is 57944849791 a prime number?
True
Is 21973393661 prime?
True
Is 24154287467 a composite number?
False
Is 4918264451 prime?
True
Is 19380791 a prime number?
False
Is 5831136305 composite?
True
Is 184223261 composite?
True
Is 105430783529 a composite number?
False
Is 3207124469 prime?
False
Is 18256032493 a composite number?
False
Is 764248597 prime?
False
Is 1195614713 composite?
False
Is 14263362629 a prime number?
True
Is 1759308041 a prime number?
True
Is 91705061909 prime?
False
Is 1166673559 composite?
False
Is 25767963861 prime?
False
Is 4738448797 composite?
True
Is 8893962971 a composite number?
True
Is 16739206909 a prime number?
True
Is 893593739 composite?
False
Is 3147457717 a composite number?
False
Is 1834086545 a prime number?
False
Is 835518979 prime?
False
Is 18266295317 a prime number?
True
Is 384535169 a prime number?
True
Is 38386016231 composite?
False
Is 432280829 a composite number?
False
Is 1751644613 a prime number?
False
Is 6848948263 a prime number?
True
Is 1503635153 a composite number?
True
Is 1011559799 a composite number?
False
Is 75343053707 prime?
True
Is 252251023 a composite number?
False
Is 2557352639 composite?
False
Is 2038027279 a prime number?
True
Is 3661219585 a prime number?
False
Is 268796600626 composite?
True
Is 7984386941 composite?
False
Is 246235391 prime?
True
Is 1595657047 a composite number?
False
Is 1883911193 prime?
True
Is 2951063341 composite?
False
Is 22834463957 a prime number?
False
Is 16439698047 a composite number?
True
Is 43642166509 composite?
True
Is 90907725893 a composite number?
True
Is 2011951939 prime?
False
Is 1974228983 a prime number?
True
Is 7440268947 a prime number?
False
Is 36808984349 a composite number?
True
Is 4362199 a composite number?
False
Is 10851795065 prime?
False
Is 276107063 a composite number?
False
Is 5647321093 a composite number?
False
Is 11334407303 composite?
False
Is 642036221 a prime number?
False
Is 8629304653 prime?
True
Is 349928681 prime?
False
Is 456382547 prime?
False
Is 385365943 prime?
False
Is 16359088327 a composite number?
False
Is 31803907 a composite number?
False
Is 6035545303 composite?
False
Is 20610295135 composite?
True
Is 5954313829 composite?
True
Is 2296616129 prime?
True
Is 3274515697 a prime number?
True
Is 1033949191 prime?
False
Is 12404169581 composite?
False
Is 2173905631 a prime number?
True
Is 9892085299 composite?
False
Is 1278740963 prime?
True
Is 5306419 a prime number?
True
Is 1298564051 prime?
False
Is 101710433 a prime number?
False
Is 15948553 prime?
False
Is 2648462723 composite?
False
Is 1535373607 a prime number?
False
Is 1979366671 a prime number?
False
Is 226295697247 a prime number?
False
Is 414108521 prime?
True
Is 366286163 a composite number?
True
Is 10808530597 a prime number?
False
Is 334288573 a prime number?
False
Is 38945187283 a composite number?
False
Is 33846421757 a composite number?
True
Is 147788063107 a composite number?
True
Is 24141517 composite?
True
Is 9192906647 prime?
True
Is 3263146951 a composite number?
False
Is 493435177 compo